the highest common divisor of b and 8.
8
Suppose 2*z + 33 = 3*h, 2*h = -4*z + 6 - 0. Let x = 11 + -8. What is the highest common divisor of x and h?
3
Suppose -4*j + 3*j - 52 = -4*g, 3*j = g - 13. Let q(k) = 3*k**2 + 1. Let p be q(1). Let i be (234/8)/(p/16). What is the greatest common divisor of i and g?
13
Let d = 1 - -2. Suppose 2*x + s = 34, 3*x - 14 - 23 = 2*s. What is the greatest common divisor of x and d?
3
Let q be 2/4 + 105/6. What is the highest common divisor of 12 and q?
6
Suppose 2*u = 11 - 9. What is the greatest common factor of u and 11?
1
Let o(j) = 3*j**3 - j**2 + j - 1. Suppose r - 3*r = 0. Suppose r = -2*f + f + 1. Let c be o(f). What is the highest common divisor of 4 and c?
2
Suppose -7*y + 68 = -3*y. Let p(c) = c + 136. Let n be p(0). What is the greatest common factor of n and y?
17
Let w be -112*(30/(-8) + (-16 - -19)). What is the highest common factor of 36 and w?
12
Suppose 92 = -0*l - 2*l. Let p = -21 - l. Suppose q - 50 = -4*q. Calculate the greatest common divisor of p and q.
5
Suppose -2*a = 4*u - 72, -4*a + 104 = -3*u + u. Let t(x) = 2*x**2 + x - 3. Let s be t(-5). Calculate the greatest common factor of s and a.
14
Let u be 4/10 - (-8)/5. Let f(l) = l**3 - 2*l**2 - 2*l + 3. Let j be f(3). Calculate the greatest common factor of u and j.
2
Let j be 78*3*(-4)/(-24). Let h = j - 21. Calculate the highest common divisor of 45 and h.
9
Let u(s) = s**2 - 2*s - 8. Let n be u(-4). Calculate the highest common divisor of 128 and n.
16
Let k(x) = -x**3 - 6*x**2 + 7*x - 26. Let q be k(-8). What is the greatest common divisor of q and 115?
23
Let g(v) = -v + 12. Let b be g(7). Let q be 1126/10 - 16/(-40). Suppose q - 338 = -5*w. What is the greatest common factor of b and w?
5
Let a be (-9)/(-15) + 84/(-15). Let w = a - -24. What is the highest common factor of 152 and w?
19
Let j = 1 + 8. Let o = 10 - j. Calculate the highest common factor of o and 7.
1
Let q(s) = s**2 - s + 27. Let h be q(0). Let a be 1190/130 + 4/(-26). What is the highest common factor of h and a?
9
Let t(x) = -x**3 - 3*x**2 + 5*x - 6. Let s be t(-5). Let w = s - 9. What is the highest common divisor of 10 and w?
10
Let x(l) be the third derivative of 8*l**5/15 + l**4/24 - l**3/6 - l**2. Let k be x(1). Calculate the greatest common factor of 4 and k.
4
Suppose 3*g = 0, 2*g + 18 = 4*v - 34. Suppose -x = 2*s - 19, -x - s - 2 = -18. Calculate the greatest common divisor of v and x.
13
Let j be ((-12)/(-1))/(3/10). Suppose 3*b - 5*l + 7 - 31 = 0, -5*b + 3*l + j = 0. Let f be 40/5 - (0 - 0). What is the highest common divisor of b and f?
8
Suppose w - 2*w - 3*a - 7 = 0, 3*w + a - 11 = 0. What is the highest common divisor of 10 and w?
5
Let s(w) = 9*w - 57. Let y be s(8). Let r(m) = m**3 + m**2 + 10. Let i be r(0). What is the greatest common divisor of i and y?
5
Suppose -2*h - 3*i + 33 = 0, -3*h + 9 = -4*i - 15. Suppose c + 5 = 3*f - 9, -c = 5. Let g be f/(-30)*4*-75. Calculate the greatest common factor of g and h.
6
Let v = 141 + -119. Calculate the highest common divisor of 110 and v.
22
Let y(q) = q**3 - 10*q**2 + 11*q - 2. Let j be y(9). Calculate the highest common factor of 128 and j.
16
Let t(l) = -l**2 - 16*l - 6. Let d be t(-14). What is the highest common factor of 88 and d?
22
Let i be 2 - (53 + 1 + -1). Let v = 81 + i. Suppose 4*a - 30 = 2*d, 4*a + 4*d + 9 = 21. What is the greatest common factor of v and a?
6
Let g = 88 - 32. Suppose 0 = -5*z + z + g. Let y be 394/4 - 1/2. Calculate the greatest common factor of z and y.
14
Let c(x) = -x + 6. Let o be c(-8). Let p be ((-14)/8)/((-3)/24). Calculate the highest common divisor of o and p.
14
Suppose -d = -5*j + 33, -2*d = 3*j - 25 + 78. Let i be d*(12/16 - 1). What is the highest common factor of i and 49?
7
Let r(k) = k**2 - 6*k - 11. Let u be r(9). Calculate the highest common factor of u and 40.
8
Suppose -4*m + q + 201 = -114, 2*m + 3*q - 175 = 0. Suppose -3*n = -8*n - m. Let r be 4/(-14) + n/(-7). What is the highest common factor of r and 14?
2
Let z(d) = -4*d**3 - 2*d**2. Let c be z(-2). Let t(i) = 263*i**2 + 2*i - 1. Let b be t(1). Calculate the highest common divisor of c and b.
24
Suppose 5*p = -0*w - 2*w + 385, -w - 2*p = -192. Suppose -152 = -2*y + w. Calculate the highest common factor of 19 and y.
19
Suppose 0*u + 3*u - 7 = -o, 4*o = u + 2. Let q(v) = -3*v. Let h be q(-2). Let d be 2/((h/5)/3). What is the highest common factor of u and d?
1
Let r = -19 - -26. Calculate the greatest common divisor of r and 35.
7
Let f be (-12)/(-3)*14/4. Calculate the highest common factor of 21 and f.
7
Let b(o) = 3*o - 3*o + 16 + 2*o - 3*o. Let v be b(7). Suppose -106 = -4*y + 38. What is the greatest common divisor of v and y?
9
Let l(z) = -z + 4. Let q be l(5). Let u be ((-16)/q)/(6/15). Suppose 3*x + 22 + u = 4*t, 5*t = -5*x + 60. Calculate the greatest common divisor of t and 98.
14
Let p(b) = -b**3 - 10*b**2 - 10*b + 4. Let l be p(-10). What is the greatest common factor of 13 and l?
13
Suppose -3*c - 4*p = -316, 4*c - 4*p + 6*p - 408 = 0. Let h be (75/12)/((-1)/(-4)). Calculate the greatest common divisor of h and c.
25
Let l = 80 + -55. Suppose 13 = 2*u + y, -2*u + 4*u = -2*y + 16. Calculate the greatest common factor of u and l.
5
Let f = -65 - -33. Let v be 8*2*(-72)/f. Calculate the greatest common divisor of 12 and v.
12
Let g = 124 + -258. Let y = -92 - g. Calculate the highest common divisor of y and 14.
14
Let x(c) = c + 32. Let j be x(-15). What is the highest common divisor of j and 119?
17
Let b be (2 + -6)*4/16. Let i be b + 1 + 24 - -2. What is the highest common factor of i and 13?
13
Let v be (-32)/12*3/2. Let m(x) = -3*x**3 - x**2 - 5*x + 2. Let c be m(v). Calculate the greatest common factor of 18 and c.
18
Let t(d) = -d**2 + 11*d + 41. Let f be t(8). What is the greatest common divisor of 39 and f?
13
Let a = 33 - -27. What is the greatest common divisor of 24 and a?
12
Suppose 0 = 3*g - 2*g - 3. Suppose -2*t = g*t - 70. What is the highest common factor of t and 7?
7
Suppose -2 - 7 = -3*v. Let n = 19 - v. Calculate the highest common divisor of 128 and n.
16
Suppose 0*k + k + 86 = 4*f, f = -2. Let w = -67 - k. Calculate the highest common factor of w and 18.
9
Suppose -22*m = -17*m - 45. Calculate the highest common divisor of 27 and m.
9
Let a(u) = 11*u**2 - 2*u + 1. Let j be a(1). What is the greatest common divisor of j and 290?
10
Let j = 4 + -4. Let q be (j - 2)/((-1)/36). What is the highest common divisor of q and 8?
8
Suppose -2*s = 2*s - 40. Suppose 2*v = -5*t + 4, 6*t + v = 3*t + 3. Suppose 0 = -t*d, 5*f - 2*f + d - 150 = 0. Calculate the highest common factor of f and s.
10
Suppose -5*t - 22 = 3*r, -2*t + 5*t + 26 = -5*r. Let z = -2 - -3. Let q be r/((-21)/18 + z). Calculate the greatest common factor of 6 and q.
6
Let x be 43 - 10 - 6/((-2)/(-1)). Let q = -12 + 32. What is the highest common factor of q and x?
10
Let x be ((-40)/(-30))/(4/126). What is the highest common divisor of 231 and x?
21
Suppose -3*m = -5*m + 22. Let j be 4/20 + 39/5. Let p = j - -3. What is the highest common factor of p and m?
11
Let v = -17 - -41. Suppose -v = -g - 3*g. Suppose -3*c = -g*c + 42. What is the greatest common divisor of 14 and c?
14
Let o be (39/(-12))/((-4)/16). What is the highest common factor of 91 and o?
13
Let p = 367 - 234. Calculate the greatest common factor of 19 and p.
19
Suppose -3*g + 129 = 3*o, g - 31 = -0*g - 5*o. Let r = 222 + -153. What is the greatest common divisor of r and g?
23
Suppose -4*k - 1 = -101. Suppose -l + k + 31 = 0. Calculate the greatest common factor of l and 7.
7
Let y be 1 + -1 + -2 - -200. Suppose -6*b = -60 + 12. Suppose 5*q - m - 97 = -b, -5*m = 3*q - 59. What is the highest common factor of q and y?
18
Let a = -2 - -10. Let i(x) = -x**2 + 8*x - 2. Let t be i(a). Let z(d) = -6*d - 3. Let g be z(t). What is the greatest common factor of g and 72?
9
Let f = 7 + -7. Suppose 3*p + 4*r + 352 - 1095 = f, 0 = -3*p + 3*r + 771. What is the highest common factor of 23 and p?
23
Let t = -8 - -16. Suppose 2 = -2*s - 2*a, 4*s + 2*a - 1 = 5. Calculate the greatest common divisor of t and s.
4
Suppose 0 = -2*m + 2*t + 28, -4*m + 6*m + 2*t = 8. Let u(l) = -l**3 + 7*l**2 - 5*l + 3. Let c be u(6). What is the highest common divisor of m a